vided by 3229?
76
What is the remainder when 699309 is divided by 29?
3
What is the remainder when 3973 is divided by 3692?
281
Calculate the remainder when 679081 is divided by 37.
20
What is the remainder when 33511 is divided by 76?
71
Calculate the remainder when 4064 is divided by 179.
126
Calculate the remainder when 8478 is divided by 60.
18
Calculate the remainder when 25874 is divided by 482.
328
What is the remainder when 117345 is divided by 14?
11
Calculate the remainder when 5114118 is divided by 110.
108
Calculate the remainder when 91 is divided by 37.
17
Calculate the remainder when 5161 is divided by 1426.
883
What is the remainder when 5421 is divided by 774?
3
Calculate the remainder when 6863 is divided by 16.
15
What is the remainder when 392695 is divided by 47?
10
What is the remainder when 1161719 is divided by 252?
251
Calculate the remainder when 1053 is divided by 768.
285
Calculate the remainder when 3058175 is divided by 19.
11
Calculate the remainder when 617 is divided by 186.
59
What is the remainder when 1237299 is divided by 100?
99
Calculate the remainder when 74372 is divided by 175.
172
What is the remainder when 107599 is divided by 5379?
19
What is the remainder when 14010 is divided by 306?
240
What is the remainder when 29305 is divided by 266?
45
Calculate the remainder when 216515 is divided by 14434.
5
Calculate the remainder when 8275 is divided by 129.
19
What is the remainder when 3021 is divided by 280?
221
What is the remainder when 6307 is divided by 848?
371
Calculate the remainder when 26877 is divided by 507.
6
Calculate the remainder when 21783 is divided by 3630.
3
What is the remainder when 27761 is divided by 4626?
5
Calculate the remainder when 449404 is divided by 501.
7
Calculate the remainder when 6324 is divided by 254.
228
What is the remainder when 779 is divided by 124?
35
What is the remainder when 78955 is divided by 34?
7
Calculate the remainder when 11869 is divided by 12.
1
Calculate the remainder when 28524 is divided by 5.
4
What is the remainder when 99959 is divided by 340?
339
Calculate the remainder when 246154 is divided by 362.
356
What is the remainder when 33830 is divided by 149?
7
Calculate the remainder when 8883 is divided by 216.
27
Calculate the remainder when 225 is divided by 41.
20
Calculate the remainder when 26269 is divided by 6547.
81
What is the remainder when 2959 is divided by 270?
259
Calculate the remainder when 114973 is divided by 16.
13
What is the remainder when 44055 is divided by 14660?
75
What is the remainder when 95553 is divided by 724?
709
Calculate the remainder when 9440 is divided by 9109.
331
What is the remainder when 40083 is divided by 51?
48
What is the remainder when 122579 is divided by 27?
26
Calculate the remainder when 1765022 is divided by 85.
82
Calculate the remainder when 222847 is divided by 1326.
79
What is the remainder when 6732 is divided by 102?
0
What is the remainder when 159108 is divided by 605?
598
Calculate the remainder when 3143 is divided by 199.
158
What is the remainder when 4732 is divided by 1470?
322
Calculate the remainder when 6794 is divided by 6756.
38
Calculate the remainder when 36517 is divided by 9125.
17
Calculate the remainder when 661821 is divided by 27.
24
Calculate the remainder when 5975 is divided by 34.
25
Calculate the remainder when 2439 is divided by 446.
209
What is the remainder when 980 is divided by 132?
56
What is the remainder when 244196 is divided by 466?
12
Calculate the remainder when 36968 is divided by 1369.
5
What is the remainder when 42486 is divided by 4248?
6
What is the remainder when 1011537 is divided by 96?
81
Calculate the remainder when 187 is divided by 52.
31
What is the remainder when 453 is divided by 5?
3
What is the remainder when 14920 is divided by 8?
0
What is the remainder when 117796 is divided by 47?
14
Calculate the remainder when 11713 is divided by 2921.
29
Calculate the remainder when 859 is divided by 354.
151
Calculate the remainder when 3828 is divided by 742.
118
What is the remainder when 3785 is divided by 473?
1
What is the remainder when 29370 is divided by 295?
165
Calculate the remainder when 140147 is divided by 33.
29
Calculate the remainder when 11483 is divided by 2833.
151
What is the remainder when 13833 is divided by 21?
15
Calculate the remainder when 3753 is divided by 69.
27
What is the remainder when 1561 is divided by 201?
154
Calculate the remainder when 1481428 is divided by 15.
13
Calculate the remainder when 10664 is divided by 71.
14
Calculate the remainder when 1208 is divided by 74.
24
Calculate the remainder when 269230 is divided by 216.
94
What is the remainder when 1560 is divided by 210?
90
What is the remainder when 243595 is divided by 1450?
1445
What is the remainder when 38526 is divided by 12839?
9
What is the remainder when 1992 is divided by 280?
32
Calculate the remainder when 1745836 is divided by 23.
21
Calculate the remainder when 1250887 is divided by 90.
67
What is the remainder when 9023 is divided by 244?
239
Calculate the remainder when 537 is divided by 299.
238
What is the remainder when 178566 is divided by 44637?
18
Calculate the remainder when 14470 is divided by 647.
236
Calculate the remainder when 5998 is divided by 1031.
843
Calculate the remainder when 18239 is divided by 4.
3
What is the remainder when 830380 is divided by 51?
49
Calculate the remainder when 6529 is divided by 5355.
1174
Calculate the remainder when 276987 is divided by 85.
57
What is the remainder when 19097 is divided by 52?
13
Calculate the remainder when 2262727 is divided by 57.
55
Calculate the remainder when 18175 is divided by 8900.
375
Calculate the remainder when 4897 is divided by 543.
10
What is the remainder when 2095 is divided by 86?
31
Calculate the remainder when 9254 is divided by 53.
32
What is the remainder when 46434 is divided by 228?
150
Calculate the remainder when 951788 is divided by 35.
33
Calculate the remainder when 2578 is divided by 183.
16
What is the remainder when 7058 is divided by 392?
2
What is the remainder when 716 is divided by 55?
1
What is the remainder when 12746 is divided by 166?
130
Calculate the remainder when 665753 is divided by 183.
182
Calculate the remainder when 33604 is divided by 467.
447
What is the remainder when 1339 is divided by 167?
3
Calculate the remainder when 23808 is divided by 2643.
21
Calculate the remainder when 4092 is divided by 308.
88
Calculate the remainder when 45362 is divided by 63.
2
What is the remainder when 1533 is divided by 219?
0
Calculate the remainder when 181518 is divided by 425.
43
What is the remainder when 709482 is divided by 5?
2
Calculate the remainder when 6576 is divided by 20.
16
Calculate the remainder when 559342 is divided by 172.
170
What is the remainder when 274997 is divided by 23?
9
Calculate the remainder when 4341 is divided by 395.
391
Calculate the remainder when 5850 is divided by 2534.
782
Calculate the remainder when 128901 is divided by 129.
30
What is the remainder when 2417 is divided by 167?
79
Calculate the remainder when 145606 is divided by 590.
466
What is the remainder when 506856 is divided by 127?
126
What is the remainder when 1208410 is divided by 1503?
1501
Calculate the remainder when 32437 is divided by 6481.
32
What is the remainder when 152471 is divided by 152471?
0
What is the remainder when 12283 is divided by 2045?
13
What is the remainder when 27302 is divided by 4?
2
What is the remainder when 12542 is divided by 4160?
62
Calculate the remainder when 10377 is divided by 878.
719
Calculate the remainder when 2424 is divided by 51.
27
Calculate the remainder when 709359 is divided by 326.
309
Calculate the remainder when 46219 is divided by 23106.
7
Calculate the remainder when 3465 is divided by 434.
427
Calculate the remainder when 35388 is divided by 11795.
3
What is the remainder when 49896 is divided by 874?
78
Calculate the remainder when 668663 is divided by 25.
13
Calculate the remainder when 872 is divided by 9.
8
What is the remainder when 10516 is divided by 20?
16
What is the remainder when 621478 is divided by 2363?
9
Calculate the remainder when 6616 is divided by 1